{"id":12288,"date":"2015-10-25T14:44:23","date_gmt":"2015-10-25T11:44:23","guid":{"rendered":"http:\/\/best-guide.ru\/?page_id=12288"},"modified":"2023-10-18T21:33:28","modified_gmt":"2023-10-18T18:33:28","slug":"%d1%84%d1%80%d0%b0%d0%bd%d1%86%d0%b8%d1%8f","status":"publish","type":"page","link":"http:\/\/best-guide.ru\/?page_id=12288","title":{"rendered":"\u0424\u0440\u0430\u043d\u0446\u0438\u044f"},"content":{"rendered":"<p><strong>\u0421\u0442\u0430\u0442\u044c\u0438 \u043e \u041f\u0430\u0440\u0438\u0436\u0435<\/strong><\/p>\n<ul>\n<li><a title=\"\u0421\u043a\u043e\u043b\u044c\u043a\u043e \u0441\u0442\u043e\u0438\u0442 \u043f\u043e\u0435\u0441\u0442\u044c \u0432 \u041f\u0430\u0440\u0438\u0436\u0435?\" href=\"http:\/\/best-guide.ru\/?p=174\">\u0421\u043a\u043e\u043b\u044c\u043a\u043e \u0441\u0442\u043e\u0438\u0442 \u043f\u043e\u0435\u0441\u0442\u044c \u0432 \u041f\u0430\u0440\u0438\u0436\u0435<\/a><\/li>\n<li><a title=\"\u041a\u0430\u043a\u0438\u0435 \u0441\u0443\u0432\u0435\u043d\u0438\u0440\u044b \u043f\u0440\u0438\u0432\u0435\u0437\u0442\u0438 \u0438\u0437 \u041f\u0430\u0440\u0438\u0436\u0430?\" href=\"http:\/\/best-guide.ru\/?p=440\">\u041a\u0430\u043a\u0438\u0435 \u0441\u0443\u0432\u0435\u043d\u0438\u0440\u044b \u043f\u0440\u0438\u0432\u0435\u0437\u0442\u0438 \u0438\u0437 \u041f\u0430\u0440\u0438\u0436\u0430<\/a><\/li>\n<li><a title=\"\u041c\u0430\u043b\u043e\u0438\u0437\u0432\u0435\u0441\u0442\u043d\u044b\u0435 \u0434\u043e\u0441\u0442\u043e\u043f\u0440\u0438\u043c\u0435\u0447\u0430\u0442\u0435\u043b\u044c\u043d\u043e\u0441\u0442\u0438 \u041f\u0430\u0440\u0438\u0436\u0430\" href=\"http:\/\/best-guide.ru\/?p=2765\">\u041c\u0430\u043b\u043e\u0438\u0437\u0432\u0435\u0441\u0442\u043d\u044b\u0435 \u0434\u043e\u0441\u0442\u043e\u043f\u0440\u0438\u043c\u0435\u0447\u0430\u0442\u0435\u043b\u044c\u043d\u043e\u0441\u0442\u0438 \u041f\u0430\u0440\u0438\u0436\u0430<\/a><\/li>\n<li><a title=\"\u0421\u0430\u0434\u044b \u0438 \u043f\u0430\u0440\u043a\u0438 \u041f\u0430\u0440\u0438\u0436\u0430\" href=\"http:\/\/best-guide.ru\/?p=2391\">\u0421\u0430\u0434\u044b \u0438 \u043f\u0430\u0440\u043a\u0438 \u041f\u0430\u0440\u0438\u0436\u0430<\/a><\/li>\n<li><a title=\"\u041f\u0430\u0440\u0438\u0436\u0441\u043a\u043e\u0435 \u043c\u0435\u0442\u0440\u043e\" href=\"http:\/\/best-guide.ru\/?p=1766\">\u041f\u0430\u0440\u0438\u0436\u0441\u043a\u043e\u0435 \u043c\u0435\u0442\u0440\u043e<\/a><\/li>\n<li><a title=\"\u041f\u0430\u0440\u0438\u0436: \u043c\u0438\u043d\u0438-\u043a\u0440\u0443\u0438\u0437\u044b \u043f\u043e \u0421\u0435\u043d\u0435\" href=\"http:\/\/best-guide.ru\/?p=2925\">\u041f\u0430\u0440\u0438\u0436: \u043c\u0438\u043d\u0438-\u043a\u0440\u0443\u0438\u0437\u044b \u043f\u043e \u0421\u0435\u043d\u0435<\/a><\/li>\n<li><a title=\"\u041d\u0435\u0434\u043e\u0440\u043e\u0433\u0438\u0435 \u043a\u0430\u0444\u0435 \u041f\u0430\u0440\u0438\u0436\u0430\" href=\"http:\/\/best-guide.ru\/?p=1674\">\u041d\u0435\u0434\u043e\u0440\u043e\u0433\u0438\u0435 \u043a\u0430\u0444\u0435 \u041f\u0430\u0440\u0438\u0436\u0430<\/a><\/li>\n<li><a title=\"\u041b\u0443\u0432\u0440\" href=\"http:\/\/best-guide.ru\/?p=7344\">\u041b\u0443\u0432\u0440<\/a><\/li>\n<li><a title=\"\u041c\u043e\u043d\u043c\u0430\u0440\u0442\u0440\" href=\"http:\/\/best-guide.ru\/?p=8792\">\u041c\u043e\u043d\u043c\u0430\u0440\u0442\u0440<\/a><\/li>\n<li><a title=\"\u0411\u0435\u043b\u044c\u0432\u0438\u043b\u044c\" href=\"http:\/\/best-guide.ru\/?p=8161\">\u0411\u0435\u043b\u044c\u0432\u0438\u043b\u044c<\/a><\/li>\n<li><a title=\"\u041f\u0430\u0440\u0438\u0436\u0441\u043a\u0430\u044f \u043a\u043e\u043d\u0434\u0438\u0442\u0435\u0440\u0441\u043a\u0430\u044f Ladur\u00e9e\" href=\"http:\/\/best-guide.ru\/?p=190\">\u041f\u0430\u0440\u0438\u0436\u0441\u043a\u0430\u044f \u043a\u043e\u043d\u0434\u0438\u0442\u0435\u0440\u0441\u043a\u0430\u044f Laduree<\/a><\/li>\n<li><a title=\"\u0421\u043a\u043e\u043b\u044c\u043a\u043e \u0441\u0442\u043e\u0438\u0442 \u0432\u0438\u043d\u043e \u0432 \u041f\u0430\u0440\u0438\u0436\u0435?\" href=\"http:\/\/best-guide.ru\/?p=287\">\u0421\u043a\u043e\u043b\u044c\u043a\u043e \u0441\u0442\u043e\u0438\u0442 \u0432\u0438\u043d\u043e \u0432 \u041f\u0430\u0440\u0438\u0436\u0435<\/a><\/li>\n<li><a title=\"\u0421\u043a\u043e\u043b\u044c\u043a\u043e \u0441\u0442\u043e\u0438\u0442 \u043c\u0443\u0436\u0441\u043a\u0430\u044f \u043e\u0434\u0435\u0436\u0434\u0430 \u0432 \u041f\u0430\u0440\u0438\u0436\u0435?\" href=\"http:\/\/best-guide.ru\/?p=233\">\u0421\u043a\u043e\u043b\u044c\u043a\u043e \u0441\u0442\u043e\u0438\u0442 \u043c\u0443\u0436\u0441\u043a\u0430\u044f \u043e\u0434\u0435\u0436\u0434\u0430 \u0432 \u041f\u0430\u0440\u0438\u0436\u0435<\/a><\/li>\n<li><a title=\"\u041f\u0443\u0442\u0435\u0432\u043e\u0434\u0438\u0442\u0435\u043b\u044c \u043f\u043e \u041f\u0430\u0440\u0438\u0436\u0443 \u043e\u0442 Michelin\" href=\"http:\/\/best-guide.ru\/?p=2664\">\u041f\u0443\u0442\u0435\u0432\u043e\u0434\u0438\u0442\u0435\u043b\u044c \u043f\u043e \u041f\u0430\u0440\u0438\u0436\u0443 \u043e\u0442 Michelin \u2014 \u0440\u0435\u0446\u0435\u043d\u0437\u0438\u044f<\/a><\/li>\n<\/ul>\n<p><strong>\u0424\u0440\u0430\u043d\u0446\u0443\u0437\u0441\u043a\u0438\u0435 \u0432\u0438\u043d\u0430<\/strong><\/p>\n<ul>\n<li><a title=\"\u0424\u0440\u0430\u043d\u0446\u0443\u0437\u0441\u043a\u043e\u0435 \u0432\u0438\u043d\u043e Avarus Chardonnay 2011\" href=\"http:\/\/best-guide.ru\/?p=10118\" target=\"_blank\" rel=\"noopener\">Avarus Chardonnay<\/a><\/li>\n<li><a title=\"\u041f\u0440\u0435\u0437\u0435\u043d\u0442\u0430\u0446\u0438\u044f \u0438 \u0434\u0435\u0433\u0443\u0441\u0442\u0430\u0446\u0438\u044f \u0448\u0430\u043c\u043f\u0430\u043d\u0441\u043a\u043e\u0433\u043e Ayala\" href=\"http:\/\/best-guide.ru\/?p=11675\" target=\"_blank\" rel=\"noopener\">Ayala<\/a> (\u0448\u0430\u043c\u043f\u0430\u043d\u0441\u043a\u043e\u0435)<\/li>\n<li><a title=\"\u0424\u0440\u0430\u043d\u0446\u0443\u0437\u0441\u043a\u043e\u0435 \u0432\u0438\u043d\u043e Beaujolais Nouveau (\u0411\u043e\u0436\u043e\u043b\u0435 \u041d\u0443\u0432\u043e)\" href=\"http:\/\/best-guide.ru\/?p=2565\" target=\"_blank\" rel=\"noopener\">Beaujolais Nouveau<\/a><\/li>\n<li><a title=\"\u041f\u0440\u0435\u0437\u0435\u043d\u0442\u0430\u0446\u0438\u044f \u0438 \u0434\u0435\u0433\u0443\u0441\u0442\u0430\u0446\u0438\u044f \u0448\u0430\u043c\u043f\u0430\u043d\u0441\u043a\u043e\u0433\u043e Bollinger\" href=\"http:\/\/best-guide.ru\/?p=8348\" target=\"_blank\" rel=\"noopener\">Bollinger<\/a> (\u0448\u0430\u043c\u043f\u0430\u043d\u0441\u043a\u043e\u0435)<\/li>\n<li><a title=\"\u0424\u0440\u0430\u043d\u0446\u0443\u0437\u0441\u043a\u043e\u0435 \u0432\u0438\u043d\u043e Cotes du Rhone 2010, Bouchard Aine et Fils\" href=\"http:\/\/best-guide.ru\/?p=2716\" target=\"_blank\" rel=\"noopener\">Bouchard Aine et Fils Cotes du Rhone<\/a><\/li>\n<li><a href=\"http:\/\/best-guide.ru\/?p=20194\" target=\"_blank\" rel=\"noopener\">Chateau Fourcas Hosten<\/a><\/li>\n<li><a href=\"http:\/\/best-guide.ru\/?p=24609\" target=\"_blank\" rel=\"noopener\">Chateau Reynon Blanc<\/a><\/li>\n<li><a title=\"\u0424\u0440\u0430\u043d\u0446\u0443\u0437\u0441\u043a\u043e\u0435 \u0432\u0438\u043d\u043e Chateau Rieussec Sauternes 1998\" href=\"http:\/\/best-guide.ru\/?p=15656\" target=\"_blank\" rel=\"noopener\">Chateau Rieussec Sauternes<\/a><\/li>\n<li><a href=\"http:\/\/best-guide.ru\/?p=21049\" target=\"_blank\" rel=\"noopener\">Jean-Marc Brocard Chablis Sainte-Claire<\/a><\/li>\n<li><a href=\"http:\/\/best-guide.ru\/?p=951\" target=\"_blank\" rel=\"noopener\">Joseph Drouhin Petit Chablis<\/a><\/li>\n<li><a title=\"\u0424\u0440\u0430\u043d\u0446\u0443\u0437\u0441\u043a\u043e\u0435 \u0432\u0438\u043d\u043e La Vieille Ferme 2012\" href=\"http:\/\/best-guide.ru\/?p=9079\" target=\"_blank\" rel=\"noopener\">La Vieille Ferme<\/a><\/li>\n<li><a title=\"\u0424\u0440\u0430\u043d\u0446\u0443\u0437\u0441\u043a\u043e\u0435 \u0438\u0433\u0440\u0438\u0441\u0442\u043e\u0435 \u0432\u0438\u043d\u043e Louis Bouillot\" href=\"http:\/\/best-guide.ru\/?p=309\" target=\"_blank\" rel=\"noopener\">Louis Bouillot<\/a><\/li>\n<li><a title=\"\u0424\u0440\u0430\u043d\u0446\u0443\u0437\u0441\u043a\u043e\u0435 \u0432\u0438\u043d\u043e Pascal Jolivet Sancerre 2012\" href=\"http:\/\/best-guide.ru\/?p=15110\" target=\"_blank\" rel=\"noopener\">Pascal Jolivet Sancerre<\/a><\/li>\n<li><a href=\"http:\/\/best-guide.ru\/?p=17299\" target=\"_blank\" rel=\"noopener\">Taittinger Prestige Rose Brut<\/a> (\u0448\u0430\u043c\u043f\u0430\u043d\u0441\u043a\u043e\u0435)<\/li>\n<li><a title=\"\u0424\u0440\u0430\u043d\u0446\u0443\u0437\u0441\u043a\u0438\u0439 \u0430\u043f\u0435\u0440\u0438\u0442\u0438\u0432 \u041a\u0438\u0440 (Kir)\" href=\"http:\/\/best-guide.ru\/?p=394\" target=\"_blank\" rel=\"noopener\">\u0424\u0440\u0430\u043d\u0446\u0443\u0437\u0441\u043a\u0438\u0439 \u0430\u043f\u0435\u0440\u0438\u0442\u0438\u0432 Kir <\/a>(\u043a\u043e\u043a\u0442\u0435\u0439\u043b\u044c \u043d\u0430 \u043e\u0441\u043d\u043e\u0432\u0435 \u0432\u0438\u043d\u0430)<\/li>\n<li><a href=\"http:\/\/best-guide.ru\/?p=11253\" target=\"_blank\" rel=\"noopener\">\u0428\u0430\u043c\u043f\u0430\u043d\u0441\u043a\u043e\u0435, \u043a\u043e\u0442\u043e\u0440\u043e\u0435 \u043f\u0438\u043b \u0414\u0436\u0435\u0439\u043c\u0441 \u0411\u043e\u043d\u0434<\/a><\/li>\n<\/ul>\n<p><strong>\u0424\u0440\u0430\u043d\u0446\u0443\u0437\u0441\u043a\u0438\u0435 \u0441\u0438\u0434\u0440\u044b<\/strong><\/p>\n<ul>\n<li><a href=\"http:\/\/best-guide.ru\/?p=25134\" target=\"_blank\" rel=\"noopener\">Kerisac Brut<\/a><\/li>\n<li><a href=\"http:\/\/best-guide.ru\/?p=24994\" target=\"_blank\" rel=\"noopener\">La Bolee Bretonne Brut<\/a><\/li>\n<li><a title=\"\u042f\u0431\u043b\u043e\u0447\u043d\u044b\u0439 \u0441\u0438\u0434\u0440 Lo\u00efc Raison Doux\" href=\"http:\/\/best-guide.ru\/?p=3550\">Loic Raison Doux<\/a><\/li>\n<li><a title=\"\u0421\u0443\u0445\u043e\u0439 \u0444\u0440\u0430\u043d\u0446\u0443\u0437\u0441\u043a\u0438\u0439 \u0441\u0438\u0434\u0440 Lo\u00efc Raison Traditionnel\" href=\"http:\/\/best-guide.ru\/?p=6157\">Loic Raison Traditionnel<\/a><\/li>\n<\/ul>\n<p><strong>\u041a\u0440\u0435\u043f\u043a\u0438\u0435 \u043d\u0430\u043f\u0438\u0442\u043a\u0438 \u0438\u0437 \u0424\u0440\u0430\u043d\u0446\u0438\u0438<\/strong><\/p>\n<ul>\n<li><a title=\"\u0410\u0440\u043c\u0430\u043d\u044c\u044f\u043a Baron Legrand 1992\" href=\"http:\/\/best-guide.ru\/?p=599\" target=\"_blank\" rel=\"noopener\">\u0410\u0440\u043c\u0430\u043d\u044c\u044f\u043a Baron Legrand 1992<\/a><\/li>\n<li><a title=\"\u0412\u0441\u0442\u0440\u0435\u0447\u0430 \u0441 \u0411\u0440\u0443\u043d\u043e \u0413\u0430\u0437\u0430\u043d\u044c\u043e\u043b\u0435\u043c \u0438 \u0434\u0435\u0433\u0443\u0441\u0442\u0430\u0446\u0438\u044f \u0430\u0440\u043c\u0430\u043d\u044c\u044f\u043a\u043e\u0432 Comte de Lauvia \u0438 Marquis de Montesquiou\" href=\"http:\/\/best-guide.ru\/?p=8271\" target=\"_blank\" rel=\"noopener\">\u0410\u0440\u043c\u0430\u043d\u044c\u044f\u043a\u0438 Comte de Lauvia, Marquis de Montesquiou<\/a><\/li>\n<li><a title=\"\u0410\u0440\u043c\u0430\u043d\u044c\u044f\u043a Janneau Napoleon\" href=\"http:\/\/best-guide.ru\/?p=2317\" target=\"_blank\" rel=\"noopener\">\u0410\u0440\u043c\u0430\u043d\u044c\u044f\u043a Janneau Napoleon<\/a><\/li>\n<li>\u041a\u0430\u043b\u044c\u0432\u0430\u0434\u043e\u0441\u044b <a title=\"\u041a\u0430\u043b\u044c\u0432\u0430\u0434\u043e\u0441 Boulard VSOP\" href=\"http:\/\/best-guide.ru\/?p=1171\" target=\"_blank\" rel=\"noopener\">Boulard VSOP<\/a>,\u00a0 <a href=\"http:\/\/best-guide.ru\/?p=2140\" target=\"_blank\" rel=\"noopener\">Boulard XO<\/a><\/li>\n<li><a href=\"http:\/\/best-guide.ru\/?p=23285\" target=\"_blank\" rel=\"noopener\">\u041a\u0430\u043b\u044c\u0432\u0430\u0434\u043e\u0441 Chateau du Breuil Reserve du Chateau 8 Ans<\/a><\/li>\n<li><a title=\"\u041a\u0430\u043b\u044c\u0432\u0430\u0434\u043e\u0441 Coquerel Fine\" href=\"http:\/\/best-guide.ru\/?p=278\" target=\"_blank\" rel=\"noopener\">\u041a\u0430\u043b\u044c\u0432\u0430\u0434\u043e\u0441 Coquerel Fine<\/a><\/li>\n<li><a href=\"http:\/\/best-guide.ru\/?p=23433\" target=\"_blank\" rel=\"noopener\">\u041a\u0430\u043b\u044c\u0432\u0430\u0434\u043e\u0441 Daron XO<\/a><\/li>\n<li><a title=\"\u041a\u0430\u043b\u044c\u0432\u0430\u0434\u043e\u0441 Lecompte Originel\" href=\"http:\/\/best-guide.ru\/?p=8359\" target=\"_blank\" rel=\"noopener\">\u041a\u0430\u043b\u044c\u0432\u0430\u0434\u043e\u0441 Lecompte Originel<\/a><\/li>\n<li>\u041a\u0430\u043b\u044c\u0432\u0430\u0434\u043e\u0441\u044b <a title=\"\u041a\u0430\u043b\u044c\u0432\u0430\u0434\u043e\u0441 Pere Magloire VSOP\" href=\"http:\/\/best-guide.ru\/?p=9590\" target=\"_blank\" rel=\"noopener\">Pere Magloire VSOP<\/a>,\u00a0 <a href=\"http:\/\/best-guide.ru\/?p=17256\" target=\"_blank\" rel=\"noopener\">Pere Magloire XO<\/a><\/li>\n<li><a href=\"http:\/\/best-guide.ru\/?p=21632\" target=\"_blank\" rel=\"noopener\">\u041a\u043e\u043d\u044c\u044f\u043a Bisquit XO<\/a><\/li>\n<li><a href=\"http:\/\/best-guide.ru\/?p=16741\" target=\"_blank\" rel=\"noopener\">\u041a\u043e\u043d\u044c\u044f\u043a Claude Chatelier XO<\/a><\/li>\n<li><a title=\"\u041a\u043e\u043d\u044c\u044f\u043a Courvoisier VSOP\" href=\"http:\/\/best-guide.ru\/?p=817\" target=\"_blank\" rel=\"noopener\">\u041a\u043e\u043d\u044c\u044f\u043a\u0438 Courvoisier VS, VSOP<\/a><\/li>\n<li><a title=\"\u0412\u0435\u0440\u0442\u0438\u043a\u0430\u043b\u044c\u043d\u0430\u044f \u0434\u0435\u0433\u0443\u0441\u0442\u0430\u0446\u0438\u044f \u043a\u043e\u043d\u044c\u044f\u043a\u043e\u0432 Delamain\" href=\"http:\/\/best-guide.ru\/?p=7510\" target=\"_blank\" rel=\"noopener\">\u041a\u043e\u043d\u044c\u044f\u043a\u0438 Delamaine<\/a><\/li>\n<li>\u041a\u043e\u043d\u044c\u044f\u043a\u0438 <a title=\"\u041a\u043e\u043d\u044c\u044f\u043a Frapin VSOP\" href=\"http:\/\/best-guide.ru\/?p=8572\" target=\"_blank\" rel=\"noopener\">Frapin VSOP<\/a>,\u00a0 <a title=\"\u041a\u043e\u043d\u044c\u044f\u043a Frapin VIP XO\" href=\"http:\/\/best-guide.ru\/?p=11993\" target=\"_blank\" rel=\"noopener\">Frapin VIP XO<\/a><\/li>\n<li><a href=\"http:\/\/best-guide.ru\/?p=16863\" target=\"_blank\" rel=\"noopener\">\u041a\u043e\u043d\u044c\u044f\u043a Godet Antarctica<\/a><\/li>\n<li><a title=\"\u041a\u043e\u043d\u044c\u044f\u043a Kazumian XO\" href=\"http:\/\/best-guide.ru\/?p=15232\" target=\"_blank\" rel=\"noopener\">\u041a\u043e\u043d\u044c\u044f\u043a Kazumian XO<\/a><\/li>\n<li><a title=\"\u041a\u043e\u043d\u044c\u044f\u043a Lheraud Vieux Millenaire\" href=\"http:\/\/best-guide.ru\/?p=13287\" target=\"_blank\" rel=\"noopener\">\u041a\u043e\u043d\u044c\u044f\u043a Lheraud Vieux Millenaire<\/a><\/li>\n<li><a title=\"\u041a\u043e\u043d\u044c\u044f\u043a Meukow XO\" href=\"http:\/\/best-guide.ru\/?p=13508\" target=\"_blank\" rel=\"noopener\">\u041a\u043e\u043d\u044c\u044f\u043a Meukow XO<\/a><\/li>\n<li>\u041a\u043e\u043d\u044c\u044f\u043a\u0438 <a title=\"\u041a\u043e\u043d\u044c\u044f\u043a Tesseron Lot N90 XO\" href=\"http:\/\/best-guide.ru\/?p=8641\" target=\"_blank\" rel=\"noopener\">Tesseron Lot 90 <\/a>\u0438 <a title=\"\u041a\u043e\u043d\u044c\u044f\u043a Tesseron Lot N76 XO\" href=\"http:\/\/best-guide.ru\/?p=12191\" target=\"_blank\" rel=\"noopener\">Lot 76<\/a><\/li>\n<li><a title=\"\u041b\u0438\u043a\u0435\u0440 Cointreau (\u041a\u0443\u0430\u043d\u0442\u0440\u043e)\" href=\"http:\/\/best-guide.ru\/?p=2051\" target=\"_blank\" rel=\"noopener\">\u041b\u0438\u043a\u0451\u0440 Cointreau<\/a><\/li>\n<li><a title=\"\u041b\u0438\u043a\u0435\u0440 Grand Marnier Cordon Rouge\" href=\"http:\/\/best-guide.ru\/?p=13708\" target=\"_blank\" rel=\"noopener\">\u041b\u0438\u043a\u0451\u0440 Grand Marnier<\/a><\/li>\n<li><a title=\"\u0424\u0440\u0430\u043d\u0446\u0443\u0437\u0441\u043a\u0438\u0439 \u043b\u0438\u043a\u0451\u0440 St-R\u00e9my \u00e0 la cr\u00e8me\" href=\"http:\/\/best-guide.ru\/?p=8865\" target=\"_blank\" rel=\"noopener\">\u041b\u0438\u043a\u0451\u0440 St-Remy a la creme<\/a><\/li>\n<\/ul>\n<p><strong>\u0424\u0440\u0430\u043d\u0446\u0443\u0437\u0441\u043a\u0438\u0435 \u0441\u044b\u0440\u044b<\/strong><\/p>\n<ul>\n<li><a title=\"\u0424\u0440\u0430\u043d\u0446\u0443\u0437\u0441\u043a\u0438\u0439 \u0441\u044b\u0440 Bleu d\u2019Auvergne (President)\" href=\"http:\/\/best-guide.ru\/?p=3215\" target=\"_blank\" rel=\"noopener\">Bleu d&#8217;Auvergne<\/a><\/li>\n<li><a title=\"\u0424\u0440\u0430\u043d\u0446\u0443\u0437\u0441\u043a\u0438\u0439 \u0441\u044b\u0440 Brie (\u0411\u0440\u0438)\" href=\"http:\/\/best-guide.ru\/?p=4643\" target=\"_blank\" rel=\"noopener\">Brie<\/a><\/li>\n<li><a title=\"\u0424\u0440\u0430\u043d\u0446\u0443\u0437\u0441\u043a\u0438\u0439 \u0441\u044b\u0440 Camembert\" href=\"http:\/\/best-guide.ru\/?p=6719\" target=\"_blank\" rel=\"noopener\">Camembert<\/a><\/li>\n<li><a title=\"\u0424\u0440\u0430\u043d\u0446\u0443\u0437\u0441\u043a\u0438\u0439 \u0441\u044b\u0440 Cantal Jeune\" href=\"http:\/\/best-guide.ru\/?p=5400\" target=\"_blank\" rel=\"noopener\">Cantal<\/a><\/li>\n<li><a title=\"\u0424\u0440\u0430\u043d\u0446\u0443\u0437\u0441\u043a\u0438\u0439 \u0441\u044b\u0440 Comt\u00e9\" href=\"http:\/\/best-guide.ru\/?p=5944\" target=\"_blank\" rel=\"noopener\">Comte<\/a><\/li>\n<li><a title=\"\u0428\u0432\u0435\u0439\u0446\u0430\u0440\u0441\u043a\u0438\u0439 \u0438 \u0444\u0440\u0430\u043d\u0446\u0443\u0437\u0441\u043a\u0438\u0439 \u0441\u044b\u0440 Emmental\" href=\"http:\/\/best-guide.ru\/?p=5131\" target=\"_blank\" rel=\"noopener\">Emmental<\/a><\/li>\n<li><a title=\"\u0424\u0440\u0430\u043d\u0446\u0443\u0437\u0441\u043a\u0438\u0439 \u0441\u044b\u0440 Fourme d\u2019Ambert\" href=\"http:\/\/best-guide.ru\/?p=5021\" target=\"_blank\" rel=\"noopener\">Fourme d&#8217;Ambert<\/a><\/li>\n<li><a title=\"\u0424\u0440\u0430\u043d\u0446\u0443\u0437\u0441\u043a\u0438\u0439 \u0441\u044b\u0440 Le Moelleux (Auchan)\" href=\"http:\/\/best-guide.ru\/?p=6789\" target=\"_blank\" rel=\"noopener\">Le Moelleux<\/a><\/li>\n<li><a title=\"\u0424\u0440\u0430\u043d\u0446\u0443\u0437\u0441\u043a\u0438\u0439 \u0438 \u0431\u0435\u043b\u044c\u0433\u0438\u0439\u0441\u043a\u0438\u0439 \u0441\u044b\u0440 Mimolette\" href=\"http:\/\/best-guide.ru\/?p=7373\" target=\"_blank\" rel=\"noopener\">Mimolette<\/a><\/li>\n<li><a title=\"\u0424\u0440\u0430\u043d\u0446\u0443\u0437\u0441\u043a\u0438\u0439 \u0441\u044b\u0440 Morbier\" href=\"http:\/\/best-guide.ru\/?p=5691\" target=\"_blank\" rel=\"noopener\">Morbier<\/a><\/li>\n<li><a title=\"\u0424\u0440\u0430\u043d\u0446\u0443\u0437\u0441\u043a\u0438\u0439 \u0441\u044b\u0440 Munster\/G\u00e9rom\u00e9\" href=\"http:\/\/best-guide.ru\/?p=6517\" target=\"_blank\" rel=\"noopener\">Munster\/Gerome<\/a><\/li>\n<li><a title=\"\u0424\u0440\u0430\u043d\u0446\u0443\u0437\u0441\u043a\u0438\u0439 \u0441\u044b\u0440 President Le Bleu\" href=\"http:\/\/best-guide.ru\/?p=6673\" target=\"_blank\" rel=\"noopener\">President Le Bleu<\/a><\/li>\n<li><a title=\"\u0424\u0440\u0430\u043d\u0446\u0443\u0437\u0441\u043a\u0438\u0439 \u0441\u044b\u0440 President Lingot\" href=\"http:\/\/best-guide.ru\/?p=1358\" target=\"_blank\" rel=\"noopener\">President Lingot<\/a><\/li>\n<li><a title=\"\u0424\u0440\u0430\u043d\u0446\u0443\u0437\u0441\u043a\u0438\u0439 \u0441\u044b\u0440 Remberter (Cantorel)\" href=\"http:\/\/best-guide.ru\/?p=6270\" target=\"_blank\" rel=\"noopener\">Remberter<\/a><\/li>\n<li><a title=\"\u0424\u0440\u0430\u043d\u0446\u0443\u0437\u0441\u043a\u0438\u0439 \u0441\u044b\u0440 Roquefort Societe\" href=\"http:\/\/best-guide.ru\/?p=2017\" target=\"_blank\" rel=\"noopener\">Roquefort<\/a><\/li>\n<li><a title=\"\u0424\u0440\u0430\u043d\u0446\u0443\u0437\u0441\u043a\u0438\u0439 \u0441\u044b\u0440 Saint Agur\" href=\"http:\/\/best-guide.ru\/?p=2431\" target=\"_blank\" rel=\"noopener\">Saint Agur<\/a><\/li>\n<li><a title=\"\u0424\u0440\u0430\u043d\u0446\u0443\u0437\u0441\u043a\u0438\u0439 \u0441\u044b\u0440 Tomme Noire des Pyr\u00e9n\u00e9es\" href=\"http:\/\/best-guide.ru\/?p=5216\" target=\"_blank\" rel=\"noopener\">Tomme Noire des Pyrenees<\/a><\/li>\n<\/ul>\n<p><strong>\u0424\u0440\u0430\u043d\u0446\u0443\u0437\u0441\u043a\u0438\u0435 \u0431\u0440\u0435\u043d\u0434\u044b<br \/>\n<\/strong><\/p>\n<ul>\n<li><a title=\"\u0411\u0440\u0435\u043d\u0434\u044b Made in France\" href=\"http:\/\/best-guide.ru\/?p=5683\" target=\"_blank\" rel=\"noopener\">\u0411\u0440\u0435\u043d\u0434\u044b Made in France<\/a><\/li>\n<li><a href=\"http:\/\/best-guide.ru\/?p=1104\" target=\"_blank\" rel=\"noopener\">\u0411\u0440\u0435\u043d\u0434 J.M. Weston<\/a><\/li>\n<li><a href=\"http:\/\/best-guide.ru\/?p=24234\" target=\"_blank\" rel=\"noopener\">\u0411\u0440\u0435\u043d\u0434 La Maison de l&#8217;Espadrille<\/a><\/li>\n<li><a href=\"http:\/\/best-guide.ru\/?p=11970\" target=\"_blank\" rel=\"noopener\">\u0411\u0440\u0435\u043d\u0434 Le Tanneur<\/a><\/li>\n<li><a href=\"http:\/\/best-guide.ru\/?p=9572\" target=\"_blank\" rel=\"noopener\">\u0411\u0440\u0435\u043d\u0434 Paraboot<\/a><\/li>\n<li><a href=\"http:\/\/best-guide.ru\/?p=11217\" target=\"_blank\" rel=\"noopener\">\u0411\u0440\u0435\u043d\u0434 Simonnot-Godard<\/a><\/li>\n<li><a href=\"http:\/\/best-guide.ru\/?p=16775\" target=\"_blank\" rel=\"noopener\">\u0424\u0440\u0430\u043d\u0446\u0443\u0437\u0441\u043a\u0438\u0435 \u043e\u0431\u0443\u0432\u043d\u044b\u0435 \u0431\u0440\u0435\u043d\u0434\u044b, \u0444\u0430\u0431\u0440\u0438\u043a\u0438 \u0438 \u0430\u0442\u0435\u043b\u044c\u0435: \u0432\u0437\u0430\u0438\u043c\u043e\u0441\u0432\u044f\u0437\u0438<\/a><\/li>\n<\/ul>\n","protected":false},"excerpt":{"rendered":"<p>\u0421\u0442\u0430\u0442\u044c\u0438 \u043e \u041f\u0430\u0440\u0438\u0436\u0435 \u0421\u043a\u043e\u043b\u044c\u043a\u043e \u0441\u0442\u043e\u0438\u0442 \u043f\u043e\u0435\u0441\u0442\u044c \u0432 \u041f\u0430\u0440\u0438\u0436\u0435 \u041a\u0430\u043a\u0438\u0435 \u0441\u0443\u0432\u0435\u043d\u0438\u0440\u044b \u043f\u0440\u0438\u0432\u0435\u0437\u0442\u0438 \u0438\u0437 \u041f\u0430\u0440\u0438\u0436\u0430 \u041c\u0430\u043b\u043e\u0438\u0437\u0432\u0435\u0441\u0442\u043d\u044b\u0435 \u0434\u043e\u0441\u0442\u043e\u043f\u0440\u0438\u043c\u0435\u0447\u0430\u0442\u0435\u043b\u044c\u043d\u043e\u0441\u0442\u0438 \u041f\u0430\u0440\u0438\u0436\u0430 \u0421\u0430\u0434\u044b \u0438 \u043f\u0430\u0440\u043a\u0438 \u041f\u0430\u0440\u0438\u0436\u0430 \u041f\u0430\u0440\u0438\u0436\u0441\u043a\u043e\u0435 \u043c\u0435\u0442\u0440\u043e \u041f\u0430\u0440\u0438\u0436: \u043c\u0438\u043d\u0438-\u043a\u0440\u0443\u0438\u0437\u044b \u043f\u043e \u0421\u0435\u043d\u0435 \u041d\u0435\u0434\u043e\u0440\u043e\u0433\u0438\u0435 \u043a\u0430\u0444\u0435 \u041f\u0430\u0440\u0438\u0436\u0430 \u041b\u0443\u0432\u0440 \u041c\u043e\u043d\u043c\u0430\u0440\u0442\u0440 \u0411\u0435\u043b\u044c\u0432\u0438\u043b\u044c \u041f\u0430\u0440\u0438\u0436\u0441\u043a\u0430\u044f \u043a\u043e\u043d\u0434\u0438\u0442\u0435\u0440\u0441\u043a\u0430\u044f Laduree \u0421\u043a\u043e\u043b\u044c\u043a\u043e \u0441\u0442\u043e\u0438\u0442 \u0432\u0438\u043d\u043e \u0432 \u041f\u0430\u0440\u0438\u0436\u0435 <a class=\"more-link\" href=\"http:\/\/best-guide.ru\/?page_id=12288\">\u0427\u0438\u0442\u0430\u0442\u044c \u0434\u0430\u043b\u0435\u0435 <span class=\"screen-reader-text\">  \u0424\u0440\u0430\u043d\u0446\u0438\u044f<\/span><span class=\"meta-nav\">&rarr;<\/span><\/a><\/p>\n","protected":false},"author":1,"featured_media":0,"parent":4331,"menu_order":0,"comment_status":"closed","ping_status":"closed","template":"","meta":[],"_links":{"self":[{"href":"http:\/\/best-guide.ru\/index.php?rest_route=\/wp\/v2\/pages\/12288"}],"collection":[{"href":"http:\/\/best-guide.ru\/index.php?rest_route=\/wp\/v2\/pages"}],"about":[{"href":"http:\/\/best-guide.ru\/index.php?rest_route=\/wp\/v2\/types\/page"}],"author":[{"embeddable":true,"href":"http:\/\/best-guide.ru\/index.php?rest_route=\/wp\/v2\/users\/1"}],"replies":[{"embeddable":true,"href":"http:\/\/best-guide.ru\/index.php?rest_route=%2Fwp%2Fv2%2Fcomments&post=12288"}],"version-history":[{"count":4,"href":"http:\/\/best-guide.ru\/index.php?rest_route=\/wp\/v2\/pages\/12288\/revisions"}],"predecessor-version":[{"id":26296,"href":"http:\/\/best-guide.ru\/index.php?rest_route=\/wp\/v2\/pages\/12288\/revisions\/26296"}],"up":[{"embeddable":true,"href":"http:\/\/best-guide.ru\/index.php?rest_route=\/wp\/v2\/pages\/4331"}],"wp:attachment":[{"href":"http:\/\/best-guide.ru\/index.php?rest_route=%2Fwp%2Fv2%2Fmedia&parent=12288"}],"curies":[{"name":"wp","href":"https:\/\/api.w.org\/{rel}","templated":true}]}}